s 17782692346 a prime number?
False
Is 331161121117 composite?
False
Is 69557230174 prime?
False
Is 1859792287 a composite number?
False
Is 31045002127 prime?
False
Is 370268498 a composite number?
True
Is 1398752623 prime?
True
Is 2935167973 composite?
False
Is 48876289691 prime?
True
Is 3560767739 a prime number?
True
Is 83102671 composite?
True
Is 5954356247 prime?
False
Is 4870387915 a prime number?
False
Is 121276937 composite?
True
Is 94224399041 prime?
True
Is 864916229 a prime number?
False
Is 10737830911 a prime number?
False
Is 2348641063 composite?
True
Is 572731903 a composite number?
False
Is 3824921833 composite?
False
Is 8496081349 composite?
True
Is 661024963 a prime number?
True
Is 2971415333 prime?
False
Is 177788869 composite?
True
Is 13333323457 a composite number?
False
Is 2531043311 prime?
True
Is 3046821853 prime?
False
Is 725285471 prime?
True
Is 37949178503 prime?
True
Is 21389347081 composite?
False
Is 65510653649 a prime number?
False
Is 140463383 a composite number?
False
Is 2589922679 a prime number?
True
Is 105492182 a prime number?
False
Is 792728617 prime?
True
Is 6402311117 a prime number?
False
Is 1621738301 a composite number?
False
Is 65047373167 a composite number?
True
Is 3741948473 prime?
True
Is 821544749 composite?
True
Is 2780149423 a prime number?
False
Is 181991887279 composite?
True
Is 133626895867 prime?
True
Is 1027755089 composite?
False
Is 57449800559 composite?
True
Is 2122745503 composite?
False
Is 537696959 composite?
False
Is 46038798991 a composite number?
False
Is 2260218677 composite?
True
Is 5508180677 a prime number?
False
Is 25286173229 a composite number?
True
Is 62978059919 a prime number?
False
Is 955227733 a composite number?
False
Is 2924342723 a prime number?
True
Is 735467793 a composite number?
True
Is 1127959631 a prime number?
False
Is 160202419863 composite?
True
Is 21712409959 composite?
False
Is 8149267559 a composite number?
False
Is 1568540021 a composite number?
True
Is 9366974429 prime?
False
Is 15352921037 prime?
True
Is 30017587309 a composite number?
False
Is 8709885753 a composite number?
True
Is 1912426993 prime?
True
Is 293877079 a prime number?
False
Is 17211078431 prime?
True
Is 308960047 a prime number?
False
Is 603876963077 a composite number?
False
Is 84896846389 a composite number?
True
Is 40080251 a composite number?
False
Is 362101757 a prime number?
True
Is 55024962001 a composite number?
True
Is 494631829 composite?
True
Is 1870544111 a prime number?
False
Is 6157137607 a composite number?
True
Is 722850211 a composite number?
False
Is 1906909583 a composite number?
False
Is 104519479 composite?
False
Is 89965639 a prime number?
False
Is 8954645863 composite?
True
Is 9818790353 a prime number?
True
Is 5888990747 composite?
False
Is 2477898637 composite?
True
Is 542571721 a prime number?
False
Is 1140290821 a composite number?
True
Is 4978646459 prime?
True
Is 984058351 composite?
False
Is 269580923 composite?
True
Is 47242370443 prime?
True
Is 824312057 a composite number?
True
Is 1249333691 prime?
True
Is 140168593 a prime number?
True
Is 42344428661 composite?
False
Is 318511229 a composite number?
True
Is 13706554859 a prime number?
True
Is 279659989 prime?
False
Is 1266111163 a prime number?
False
Is 59812236223 composite?
False
Is 155135753854 a prime number?
False
Is 25363164079 prime?
False
Is 20418640067 prime?
False
Is 25334144509 a prime number?
False
Is 71911942631 a prime number?
True
Is 3499913 a prime number?
True
Is 349321518137 prime?
True
Is 609509218 prime?
False
Is 391291753418 prime?
False
Is 23373575809 a composite number?
True
Is 24907987483 a prime number?
True
Is 1464499067 composite?
False
Is 630312051 composite?
True
Is 9827829679 prime?
True
Is 3165419111 a prime number?
False
Is 38190400589 a composite number?
True
Is 52950959917 a composite number?
True
Is 1879187 a composite number?
False
Is 337079559371 prime?
False
Is 82576693 a composite number?
True
Is 163732120693 a composite number?
False
Is 640045487 composite?
True
Is 4590255037 a composite number?
False
Is 1254585413 a composite number?
True
Is 43212666533 a composite number?
False
Is 4663556693 prime?
True
Is 104241829 prime?
False
Is 47932571069 a composite number?
False
Is 266465741 a composite number?
True
Is 884164063 prime?
False
Is 44328998447 a prime number?
True
Is 1258752571 a prime number?
False
Is 36902686079 a composite number?
True
Is 132211838389 a prime number?
False
Is 15352825693 a composite number?
False
Is 122397386069 a composite number?
True
Is 392010401 a composite number?
True
Is 74432651357 a prime number?
True
Is 2469522095 a composite number?
True
Is 3352765967 a composite number?
False
Is 598936897987 a prime number?
True
Is 2633438001 prime?
False
Is 7720053779 a prime number?
False
Is 2741569657 prime?
True
Is 5150040334 a prime number?
False
Is 37397074769 a composite number?
True
Is 1846015627 prime?
False
Is 64434372259 a composite number?
False
Is 5950482289 prime?
False
Is 2065257581 prime?
True
Is 235726529 composite?
True
Is 1301097821 prime?
True
Is 5280309823 prime?
True
Is 1118023367 a composite number?
True
Is 660814001 composite?
False
Is 1166246897 a prime number?
False
Is 4142611537 a prime number?
False
Is 261171619 prime?
True
Is 632999201 composite?
False
Is 22441279871 a prime number?
True
Is 298933987103 composite?
False
Is 6696019961 a composite number?
False
Is 438706237 composite?
True
Is 2335091147 prime?
True
Is 355909403 composite?
True
Is 15382829717 composite?
False
Is 5993495777 a prime number?
True
Is 338650667 composite?
False
Is 2196098669 composite?
True
Is 1923049171 composite?
True
Is 1984412831 prime?
True
Is 2066376311 a composite number?
False
Is 3405945997 prime?
False
Is 427524217 a prime number?
True
Is 261704039 a prime number?
True
Is 778688413 prime?
True
Is 2259639799 composite?
True
Is 4069275841 composite?
False
Is 447077689 a composite number?
False
Is 1387377177 composite?
True
Is 84945943 a prime number?
False
Is 960084613 composite?
False
Is 1702835219 composite?
True
Is 5949232099 a prime number?
False
Is 10105754279 composite?
False
Is 29588180257 composite?
True
Is 780857237 a composite number?
False
Is 68143640239 composite?
True
Is 58150593029 prime?
True
Is 44154395267 a prime number?
True
Is 1169885791 a composite number?
False
Is 5306645005 a prime number?
False
Is 5167530941 a prime number?
True
Is 61174123663 composite?
True
Is 11883803 composite?
False
Is 22931147717 prime?
False
Is 2919011 composite?
False
Is 55531291 composite?
False
Is 5878969139 prime?
False
Is 681330161 prime?
True
Is 98757003797 prime?
True
Is 86121142829 prime?
True
Is 4009224871 a prime number?
False
Is 6066689933 a composite number?
False
Is 2127922 a prime number?
False
Is 10328397343 prime?
False
Is 9135030131 a composite number?
True
Is 1283948287 composite?
False
Is 685621907 a composite number?
False
Is 1402466413 a prime number?
True
Is 47065236203 a prime number?
False
Is 12374973791 composite?
True
Is 643690643 a prime number?
False
Is 5206844359 composite?
False
Is 2383049 a prime number?
True
Is 331646869 composite?
False
Is 1403925091 prime?
False
Is 53596343431 a prime number?
False
Is 60089359181 composite?
False
Is 11953024133 a prime number?
True
Is 62789845 composite?
True
Is 1596342331 composite?
True
Is 2441017261 a composite number?
True
Is 143899663 composite?
False
Is 25448851 a composite number?
True
Is 26843336803 prime?
True
Is 1740805387 prime?
False
Is 2684202583 a prime number?
True
Is 11287654703 composite?
True
Is 3322573711 composite?
False
Is 3379016717 a prime number?
False
Is 93740251 composite?
True
Is 65859303347 composite?
False
Is 2171190794 a composite number?
True
Is 1537789403 prime?
False
Is 1951662557 a prime number?
False
Is 52688701097 composite?
False
Is 7560682159 composite?
False
Is 78642160913 a composite number?
False
Is 3751773999 composite?
True
Is 2093103829 a composite number?
True
Is 32027964701 prime?
True
Is 28907673889 a prime number?
False
Is 6597407455 a composite number?
True
Is 1446412577 a prime number?
True
Is 958308469 composite?
False
Is 20417262373 a composite number?
True
Is 21313990301 a prime number?
False
Is 18840293957 prime?